f - 140 = -f. Calculate the remainder when f is divided by 18.
17
Let c = 27 + -11. Let z = c - 11. Calculate the remainder when 19 is divided by z.
4
Let t(p) = -p**2 - 3*p - 2. Let s be t(-4). Calculate the remainder when 48 is divided by ((-9)/s)/((-6)/(-68)).
14
Suppose 5*u - 40 = -15. Suppose u*a - 27 = -o, 4*o = 2*o + 4. Suppose 0 = -a*m + 5*s + 40, -4*s + 27 = 3*m + 3. What is the remainder when 14 is divided by m?
6
Let l(a) = a**3 + 14*a**2 + 11*a - 16. Calculate the remainder when 6/((-60)/(-27) - 2) is divided by l(-13).
7
Suppose 0 = 3*f + 3*j - 3, f + j + 19 = 4*f. Suppose 0 = -5*p + 5*b + 110, -3 = f*b + 7. Let q(l) = -5*l + 1. What is the remainder when p is divided by q(-2)?
9
Suppose 5*m + 236 = 2*x, 5*x + m - 611 = 3*m. Calculate the remainder when x is divided by 32.
27
Let x(v) = -6*v - 4. Suppose -4*j - 3*h - 1 - 6 = 0, -1 = -2*j + 3*h. What is the remainder when x(-4) is divided by (j*10 - 1)/(-1)?
9
Suppose -5*y + 3*k + 10 = -6*y, 3*y + 4*k = -25. Let q(j) = -j - 1. What is the remainder when 11 is divided by q(y)?
5
Let u = 0 + 4. Suppose d + 3*d - 140 = 3*o, u*d + 3*o - 140 = 0. Suppose 19 = 3*w - 17. Calculate the remainder when d is divided by w.
11
Let j = 70 - -35. What is the remainder when j is divided by 36?
33
Let c(t) = t + 1. Let i be c(5). Calculate the remainder when 33 is divided by ((-27)/6)/(i/(-16)).
9
What is the remainder when (-35*1 - 4)/(6/(-4)) is divided by 4?
2
Suppose 4*s - 67 = 1. What is the remainder when s is divided by 9?
8
Suppose -13*g + 11*g = -88. Let l = 22 - 7. Calculate the remainder when g is divided by l.
14
Suppose -120 = -7*y + 293. Calculate the remainder when y is divided by 15.
14
Suppose o - 5*k + 7 = -6, 5*k + 35 = 5*o. Suppose -2*v = -w - 14 + 50, -w - 5*v = -64. Calculate the remainder when w is divided by o.
8
Let f = 3 + 6. Suppose 0 = -3*g - 2*d + f, g - 3 + 0 = d. What is the remainder when 6 is divided by g?
0
Let o = 8 - -2. Let b = o - 6. Suppose 2*d + 12 = -5*m, b*d + m - 2*m - 20 = 0. Calculate the remainder when 11 is divided by d.
3
Let k(y) = -y + 5. Let c be k(0). Suppose -10 = -2*z - 0*z. Suppose 3 = z*l + 2*x - c, -5*x = -4*l + 13. What is the remainder when 3 is divided by l?
1
Suppose -h + 3 + 11 = 0. Calculate the remainder when 54 is divided by h.
12
Suppose -2*n = n - 12. Suppose 4*c - c = -n*i + 45, 0 = 4*i - 2*c - 50. Calculate the remainder when 59 is divided by i.
11
Suppose 0*x = -x. Let h be 2 + -1 - 1 - x. Calculate the remainder when (-15)/(-1) - (h + 2) is divided by 7.
6
Let s(b) = 29*b**2 - 2*b - 2. Let t be s(-2). Let m = t + -81. Suppose 0 = -2*i - 3 + m. What is the remainder when 32 is divided by i?
15
Let j(f) = 19*f - 2. Suppose 4*l + 20 = 0, 0 = 5*g - l - 8 - 12. What is the remainder when j(g) is divided by 14?
13
Let g(h) = -3*h. Suppose 5 + 0 = -5*d. Suppose l - 11 = -3*s, 0 = -5*s + 3 + 2. What is the remainder when l is divided by g(d)?
2
Let v = 13 - -2. Calculate the remainder when v is divided by 6.
3
Let x = 0 - -3. Suppose h + x*k = -0*h + 59, -k - 171 = -4*h. Suppose a - h = -a. What is the remainder when a is divided by 6?
4
Let o = -69 - -178. Calculate the remainder when o is divided by 38.
33
Let c = -3 + 2. Suppose -3*v + 4*v + 5*z - 62 = 0, 205 = 5*v + 4*z. What is the remainder when v is divided by c/(-1 - 18/(-19))?
18
Let x(r) = r + 3*r - 6 - 5*r - 3. Calculate the remainder when 3 is divided by x(-11).
1
Let t(y) = 6*y + 74. Calculate the remainder when t(-9) is divided by 7.
6
Suppose -2*b + 0*b + 28 = q, -4*q - 8 = 0. What is the remainder when b is divided by 9?
6
What is the remainder when (4 + -1)*(-17)/(-3) is divided by (-2 + 6/2)*(-48)/(-8)?
5
Let f(y) = 2*y**2 + 12*y - 3. Let a(g) = g**3 - 5*g**2 + 2*g + 3. Let v be a(3). Calculate the remainder when f(v) is divided by 18.
15
Let i = -1 - -6. Let o = 7 - i. Suppose 3 = t + o*l - 14, 0 = 4*l + 4. What is the remainder when t is divided by 10?
9
Suppose -2*k - 5*k - 126 = 0. Let g = k + 50. What is the remainder when g is divided by 12?
8
Suppose -12 + 0 = -4*m, -u = 5*m - 13. Let n = u + 18. Calculate the remainder when 47 is divided by n.
15
Calculate the remainder when 59 is divided by (-6)/60*-5*30.
14
Let j = 8 - 1. Let z(t) = 9*t - 6*t - 14 - 2*t - t**3 - 12*t**2 + 9*t. Calculate the remainder when z(-13) is divided by j.
4
Calculate the remainder when 91 + (-26)/39*9/2 is divided by 30.
28
Suppose 3*j + 1 = 4. Let k be j/(-2) - (-4)/(-8). What is the remainder when 21 is divided by 13 - (k + -1 + 4)?
10
Suppose 4*f - 21 = 19. What is the remainder when 57 is divided by f?
7
Suppose -3*j + 2 + 13 = 0. Let i = -11 + 14. Suppose -c + 5*s = 2, -2*c + i = -3*s - 7. What is the remainder when c is divided by j?
3
Let j(r) = -r**3 - 5*r**2 - r - 3. Calculate the remainder when j(-6) is divided by 14.
11
Let p(v) = v**2 + 3*v + 3. Let i = 3 + -9. What is the remainder when p(i) is divided by 8?
5
What is the remainder when 4 + (2 - 3) + 17 is divided by 11?
9
Let r(o) = -o**2 - 5*o. Suppose 0 = -j - 5*g - 29, 3*g + 8 = -3*j - 19. Let q be r(j). Let t = q - -8. Calculate the remainder when 22 is divided by t.
10
Suppose 7 = -2*b - 3*h + 4, -h - 9 = -2*b. Suppose -b*x = 0, -4*u + 4*x = -20 + 4. Calculate the remainder when u is divided by 2.
0
Let m(n) = 22 - 2 - n**2 - 2. Suppose 12 = 2*b - 3*h, 2*b - 2*h - 16 = 2*h. Calculate the remainder when 34 is divided by m(b).
16
Let i = 28 + -5. Let f = i + -2. Let h = 208 - 196. What is the remainder when f is divided by h?
9
Let i = 18 + 15. Let w = i + -8. Suppose 5*z - 80 = -w. What is the remainder when 31 is divided by z?
9
Let a = 4 - 2. Let c(k) = 8 - 5*k**2 + 2*k - 3*k**3 - a*k + 2*k**3 + 2*k. Calculate the remainder when c(-6) is divided by 11.
10
Let k = -36 - -69. What is the remainder when k is divided by ((-30)/25)/(14/(-105))?
6
Let h(l) = 5*l**2 + 8*l. What is the remainder when h(-5) is divided by 22?
19
Suppose 0 = -4*z - 0*z - 28. Let u(t) be the second derivative of -t**3/2 - 3*t**2/2 - 2*t. Calculate the remainder when u(z) is divided by 10.
8
Suppose -29*g + 32*g = -3. What is the remainder when (33 - (1 - g)) + 4 is divided by (-1)/(-4) + 70/8?
8
Let s(o) = -o**3 + 6*o**2 - 4*o + 1. Let n(v) = 2*v - 15. Calculate the remainder when n(16) is divided by s(5).
5
Suppose 48 = 5*d - 62. Let m = -40 - -76. Suppose 2*r = 5*r - m. What is the remainder when d is divided by r?
10
What is the remainder when 43 - (0 - 4)*1 is divided by -2*-2*(5 - 1)?
15
Calculate the remainder when 82 is divided by 6/24 + 166/8.
19
Let t be (-3)/24*2*-12. Suppose 5*h - 17 = o, -2*o = -2*h - 0*h + 2. Suppose t*f - 44 = -h*d, 4*f = f. What is the remainder when 20 is divided by d?
9
Let h = 27 - 22. Suppose 0 = -h*k + v - 3*v + 53, 0 = -2*k - 2*v + 20. What is the remainder when k is divided by 4?
3
Let r(d) = -d**2 - 8*d + 10. Let m be r(-8). Let n = 19 - 6. What is the remainder when n is divided by 1*m/(-4)*-2?
3
Suppose 3*l - q = -0*q + 15, 3*q = 2*l - 17. Suppose 2*d + 4*u = 6, 0*d - 3*d + 9 = l*u. What is the remainder when 17 is divided by 17/d + (-1)/(-3)?
5
Suppose 0 = 5*d - 31 + 6. Calculate the remainder when 2 + 25 + (d - 2) is divided by 11.
8
Let j(l) = 2*l**2 + 4*l + 1. Let f(i) = -i**2 + 1. Suppose -x + 14 = -5*b, -4 = 5*b + x + 2. Let w be f(b). Calculate the remainder when 27 is divided by j(w).
6
Suppose 4*z + 3*i = 44, 2*z - 2*i + 7 = 15. Suppose h + 1 = 4. What is the remainder when z is divided by h?
2
Let r(m) = 5*m**2 - m - 1. Suppose u - 10 = -1. Calculate the remainder when r(2) is divided by u.
8
Suppose -5*t = 2*h - 39 - 12, -h + 27 = t. Let o be ((-3)/(-4))/((-2)/32). What is the remainder when h is divided by (-118)/o + (-4)/(-24)?
8
Suppose 0 = 9*m - 10*m - 33. Suppose 2*h - 96 = -0*h. Let j = m + h. Calculate the remainder when j is divided by 8.
7
Suppose 5*g = 3*g + 76. Let a = g - 26. Calculate the remainder when 23 is divided by a.
11
Let r(k) = 12*k**2 - 2. Let w be r(2). Suppose w = -l + 3*l. Calculate the remainder when l is divided by 8.
7
Let s = 4 + 0. Let m(h) = -3*h**2 + 15 + 2*h**2 - s - h**3. Calculate the remainder when m(0) is divided by 4.
3
Let n = 1 - -17. Suppose -1 = -q + n. Calculate the remainder when 74 is divided by q.
17
Suppose -3*b = a - 21, 3*b = -0*a + 4*a -